 digit of h?
3
Suppose -7 = -6*h + 65. What is the units digit of h?
2
Let p(g) = 6*g + 8. Let n be p(-6). What is the units digit of (-1464)/n + (-6)/21?
2
Let r be (-16)/(-10) - 8/(-20). Suppose 4*y - 53 = n + 86, 3*y + r*n = 107. What is the units digit of y?
5
Suppose -1958 = -5*n - 503. What is the tens digit of n?
9
Let f be (-6)/9*-3 + 1. Suppose -w - 14 = -f*w. Let u(i) = i + 3. What is the tens digit of u(w)?
1
What is the tens digit of (1/(-3))/(12/36) - -108?
0
What is the tens digit of (-190)/(-1) - (8 + -9)?
9
Let o = -82 + 138. What is the units digit of o?
6
Suppose f + 4 - 13 = 0. What is the units digit of f?
9
Let l(y) = -3*y + 3 + 3*y - 5*y. What is the tens digit of l(-3)?
1
Let m = -3 + 107. What is the units digit of m?
4
Suppose 2*k + 2*k - 30 = -2*t, -2*t + 6 = 0. Let y(p) = p**2 - 4*p + 1. What is the units digit of y(k)?
3
Let f be 0 + -2 + 82 - -1. Let d be f/4 - 6/24. Let k = -11 + d. What is the units digit of k?
9
Let i(y) = -y**3 - 10*y**2 - 8*y + 10. What is the units digit of i(-9)?
1
Let n(y) = -y**3 + 6*y**2 - 3*y - 5. Let q = 13 - 8. Let g be n(q). Suppose -23 + g = -3*c. What is the units digit of c?
6
Let c be 20/3*(-96)/(-10). Suppose -c = 4*o - 0*o. What is the units digit of ((-4)/o)/(1/4)?
1
Suppose -z + 15 = 4*z - f, -3*z - 5*f = -9. What is the units digit of 14/z*18/7?
2
Let g(b) = 6*b**2 - 12. Let j(l) = 5*l**2 - 11. Let o(w) = 4*g(w) - 5*j(w). What is the units digit of o(0)?
7
Let v(c) = -c**2 + 6*c - 3. Suppose 2 = -j + 3*x - 2, -3*j = 2*x - 21. Let y be v(j). Suppose q = -y*q + 42. What is the tens digit of q?
1
Suppose 5*r = -u + 86 + 72, -5*u + 706 = 4*r. What is the units digit of u?
8
Suppose -4*n - 84 = -8*w + 4*w, -2*n = -4*w + 78. What is the units digit of w?
8
Suppose -3*c - 2 = -5*c, 20 = 5*i - 5*c. Suppose -i*s - 20 = -9*s. Suppose 2*w - s - 9 = 0. What is the units digit of w?
7
Let u be 27/2*2/3. Let z(o) = o**3 - 9*o**2 + o + 5. What is the units digit of z(u)?
4
Let x(b) = -b**3 + 9*b**2 - 4*b + 4. What is the tens digit of x(6)?
8
Suppose -2*g + 3*t + 1 = -5, -3*g = -3*t - 6. Suppose 3*z + g*z = 96. What is the units digit of z?
2
Let z be -1 - 12/(-3) - 0. Suppose -z*r = r. Suppose 2*k - n - 8 = 0, -5*n + r = -2*k + 16. What is the units digit of k?
3
Let k be (-84)/(-16) + 2/(-8). Suppose -k*o - l = -5*l + 82, 5*o + 5*l = -55. Let a = -6 - o. What is the units digit of a?
8
Suppose 4*l + 3*u - 4*u = -60, -5*l + 4*u = 75. Let h be (-36)/(-10) + (-6)/l. Suppose 0*r + 24 = h*r. What is the units digit of r?
6
Let r = 10 + 0. Let n = -2 + 5. Suppose -r = -2*t - n*q - q, q = 0. What is the units digit of t?
5
Suppose 0 = -5*t + 5*d + 45, 2*t - 6 = 3*d - 4*d. Suppose -t*r + r + 60 = 0. What is the tens digit of r?
1
Let p(d) = -2*d**2 - d - 2. Let s be p(-2). What is the tens digit of (-2)/s + 39/4?
1
Suppose 0 = -q - 4*q + 50. What is the tens digit of (28/q)/(1/5)?
1
Suppose -3*r = 2*m - 1 - 93, 4*r - 3*m = 114. Suppose 3*t + r = 2*t. Let d = -20 - t. What is the tens digit of d?
1
What is the tens digit of 10/(-30) + (-476)/(-6)?
7
Suppose z = -4*f - 7 + 35, -3*z + 36 = 4*f. What is the units digit of f?
6
Let m(a) = -a + 8. Let u be m(6). Let g = u + 1. Suppose o - 4*c + c = -14, 0 = -5*o - g*c + 20. What is the units digit of o?
1
Let c(y) = 63*y**2 + 6*y - 8. What is the hundreds digit of c(2)?
2
Let l be (-2)/(-1*(-4)/(-8)). Let i = l + 7. What is the tens digit of i?
1
What is the hundreds digit of (309 + 2)*(-4 - -5)?
3
Let p = 69 + 47. What is the tens digit of p?
1
Let x(n) = -2*n. Let a be x(6). Let h be (-38)/(-3) + a/18. Suppose -2*t + h = -2. What is the units digit of t?
7
What is the units digit of 3*((-12)/(-54))/(4/150)?
5
Let p(w) = -191*w**3 + w**2 + 2*w + 2. What is the tens digit of p(-1)?
9
Let t(j) be the second derivative of j**4/12 - 3*j**3/2 + 4*j**2 + 2*j. Let c be t(7). What is the units digit of (-40)/(-6)*c/(-5)?
8
Let o(h) = -h**3 - 4*h**2 + 3*h - 7. Suppose -7*f + 3*f - 20 = 0. Let j be o(f). Suppose j*d = -d + 24. What is the units digit of d?
6
Let g = -77 + 175. What is the units digit of g?
8
Let i(c) = 13*c + 1. Let l be i(8). Suppose 6*x - x = l. What is the tens digit of x?
2
Suppose 4*q - 961 = q + 5*s, -q = -s - 321. What is the tens digit of q?
2
Let f(j) = 11*j**2 + j**3 + 8*j - 2*j**3 - 18 + 7*j. What is the tens digit of f(12)?
1
Suppose -5*n - 1 = 19. Let b(j) = -j + 15. Let u be b(9). Let a = n + u. What is the units digit of a?
2
Suppose w - 3*h = 15, 5*h + 4 = 5*w - 41. What is the tens digit of (27 - -2)/(w - 5)?
2
Let n(v) be the second derivative of v**4/12 - v**3 + 3*v**2/2 + 3*v. Let r be n(6). Suppose 1 = -x - r*o - 6, 0 = x - o - 5. What is the units digit of x?
2
Suppose 10*d - 14*d = -24. What is the units digit of d?
6
Let r = -1 + 2. Suppose 0 = -d - r, -2*d = h - 3. Suppose h = 2*w - 3*m, -3*m = 4*w - m - 50. What is the tens digit of w?
1
What is the units digit of (-6)/18 - 606/(-9)?
7
Let t = 882 + -484. What is the tens digit of t?
9
Suppose -3*f - 2 = -4*f. Let w be 2/5 + (-306)/(-10). Suppose 9*b - 4*b = 3*q + 39, -w = -3*b - f*q. What is the units digit of b?
9
Let t be (5 + -1)/1 + 0. Let f be 6/t*30/9. Suppose 2*l = -x + 2*x + 14, -35 = -f*l - 3*x. What is the units digit of l?
7
What is the units digit of (0 + -1)/(13 + -14)?
1
What is the tens digit of 73*-6*(-3)/9?
4
Suppose 4*w = -0*r + 4*r - 200, -4*r - 4*w = -192. What is the units digit of r?
9
Let w = 512 - 232. What is the tens digit of w?
8
Suppose 11*l - 1298 = -0*l. What is the units digit of l?
8
Suppose 0 = -3*y + 131 + 148. What is the tens digit of y?
9
Let x = -43 - -180. What is the units digit of x?
7
Suppose 2*t + 4*l - 8 = 0, -2*t = -4*t + 3*l + 1. Let k = t + 8. What is the units digit of k?
0
Suppose 4*d = 5*d - 71. What is the units digit of d?
1
Let a(t) = t**3 + 3*t**2 + 3*t + 2. Let b(d) = d**3 + 6*d**2 + 5*d + 3. Let y(l) = 5*a(l) - 3*b(l). What is the units digit of y(2)?
5
Let t = 41 + -25. What is the units digit of t?
6
Let r be 2/(-5) - 24/(-10). Suppose 3*p + r*p = 60. What is the units digit of p?
2
Let a be (29 - -3)/(6/(-9)). Let f = 87 + a. Suppose 8 = 2*y, 2*y - 3*y = 5*t - f. What is the units digit of t?
7
Let i = -14 + 8. Let o = -9 - i. What is the units digit of (-3)/o - 1 - -6?
6
Suppose 3*v - 360 + 143 = -2*t, 0 = v - 3. What is the tens digit of t?
0
Let x(p) = -p**2 - 12*p - 10. Let v be x(-10). Suppose v*s - 45 = 9*s. What is the tens digit of s?
4
Let f(d) = -d**3 - 2*d + 52. What is the tens digit of f(0)?
5
Suppose 0*d = 5*d - 670. What is the units digit of d?
4
Suppose -2*p + 3*b - 4 = 0, -2*p + 2*b + 12 = 3*b. Suppose p*z = -0*z + 12. What is the units digit of z?
3
Suppose 0 = -2*s + 4, f - 274 = -f + 5*s. What is the tens digit of f?
4
Suppose -4*o = 9 + 15. Let p(b) = -b**2 - 7*b + 4. What is the units digit of p(o)?
0
Suppose -p - z + 34 = -4*z, -38 = -p + z. Suppose 2*q - p = -2*q. What is the units digit of q?
0
Suppose -6*n - 4*f + 86 = -3*n, 4*f = -16. Suppose -x - x = -n. What is the tens digit of x?
1
What is the tens digit of 2*(1 - -12) - -1?
2
Suppose 6*n = 3*n + 12. Suppose 0*i = n*i - 80. What is the units digit of i?
0
Let k(m) = -4*m**2 + m. Let b be k(1). Let r = 5 + b. Let w = r - -8. What is the tens digit of w?
1
Suppose -11 = -5*v + 9. Let n be (-2)/v*(-2 - 10). Suppose -n*f + 2*f = -12. What is the units digit of f?
3
Let a be (-6)/(-8) + (-3)/(-12). Let b = a + 3. Suppose 11 = 5*p - 3*v + v, -2*p + 5*v - b = 0. What is the units digit of p?
3
Let z(h) = h**2 + 6*h + 5. Let b be z(-4). What is the units digit of b/4 - (-235)/20?
1
Suppose 6*s = 4*u + 2*s - 76, u + s = 17. What is the tens digit of u?
1
Let h be ((-2)/3)/(6/72). Let r = h + 11. Suppose r*f - 4 = -f. What is the units digit of f?
1
Suppose 0*n = 5*n - 130. Suppose 0 = 3*f - f - n. What is the units digit of f?
3
Suppose 4*a - 256 + 16 = 0. Let u = a + -39. What is the tens digit of u?
2
Suppose -i + 0*i + 9 = 0. Let y be (-2)/i - (-4)/18. Suppose -1 = v - 4*t, 2*t + y*t - 2 = 0. What is the units digit of v?
3
Suppose 0 = -2*b - 16 + 90. What is the tens digit of b?
3
Suppose 0 = -4*p + 20 + 100. Suppose -2*a - 8 = -4*n, 3*a = -6*n + 2*n + 8. Suppose h + 15 = 5*k - a*k, 0 = -2*h - 5*k + p. What is the units digit of